23
What is (-11 - -10) + -4 - -10?
5
0 + -5 - (-4 - 2) - -6
7
What is the value of 6 + -11 + 8 + 6 + -15?
-6
-5 + (-5 - -18) - 25
-17
Evaluate 109 + -118 + 1 + 1 - 0.
-7
(15 - 27) + 3 - (-32 + -2 + 1)
24
What is the value of 33 + (-10 - (6 + 2 - 15)) + 4?
34
What is the value of 2 - (0 + 9 + -3)?
-4
47 + -27 + -2 + -26
-8
Calculate 4 - (7 + -4) - (2 - (5 + -17)).
-13
Calculate -2 + (-1 - (3 + -1)).
-5
What is the value of 4 + (-7 + 0 - (7 + -2 + -26))?
18
Evaluate 18 - (6 - -15 - (6 + 3)).
6
Evaluate -763 - -761 - (-29 + 0).
27
What is the value of 7 + -11 + -7 + 15?
4
Evaluate 2 + (8 - 11) - ((2 - -10) + -4).
-9
What is the value of -16 - (-4 - (-13 + 15 + 8))?
-2
Evaluate -7 + (-1 - ((-4 - -9) + 0)) + 23.
10
Evaluate (7 - (16 + -23)) + -11.
3
Evaluate 17 + 3 + -6 + -3.
11
Evaluate (0 - -3 - 12) + (1 - 4).
-12
Evaluate 52 + (17 - 13) + -43.
13
What is 19 + -12 + -29 + (6 - (2 - 0))?
-18
What is the value of (10 - 3) + (1 - (-10 - -18))?
0
Calculate 2 + 9 + -5 - (-7 + 0).
13
8 + (-119 + 112 - (2 + 1))
-2
What is 2 + (-1 - 2 - (7 + -21))?
13
What is the value of 1 + (3 - (-5 + 4)) + (6 - 0)?
11
Calculate 77 + -82 + -1 + 23.
17
What is the value of (4 - -11 - (5 + 9)) + 2 + 3?
6
What is -3 + (-12 - -12 - (5 - 4))?
-4
Calculate 18 + (-1 - (7 + 0 + -8)) - -5.
23
Calculate 1 + 33 + (-1 + -29 - -16).
20
Evaluate 4 + (-12 - 3) + -3.
-14
What is (-6 + -1 - -5 - -2) + 5 + -1?
4
-21 + (4 + -3 + -2 - -5) + 5
-12
-3 + 4 + (-1 - -9) + -4826 + 4826
9
What is -3 + (-13 + -1 - -6 - -22)?
11
58 + -50 + -1 + 4 + -7
4
What is (-1 - 4) + -4 + 4 + 5 + 13?
13
-3 + -19 + 17 + 10
5
What is -35 + 48 + (-8 - (1 - 4))?
8
What is the value of -5 - (8 + -14 - (-10 - -4))?
-5
What is -3 + 0 + (29 - (16 - 1))?
11
What is the value of -3 + -2 - -3 - 4 - (6 + -10)?
-2
What is 8 - (6 - (7 + -17 + 5))?
-3
What is (-8 - -20) + -146 + 167 + 1 + -7?
27
10 - (4 + -23 - -20)
9
Evaluate (-152 - -155) + (-1 + -1 - (1 - -5)).
-5
What is the value of 1 + 10 - 9 - 15?
-13
35 - (-15 - (21 + -64))
7
Calculate -40 - (29 + 12 + -96).
15
Evaluate (-6 - 1 - 2) + (-11 - (22 - 46)).
4
What is -154 + 152 + (6 + (-2 - -1) - 0)?
3
Calculate 9 + 2 + (37 - 4 - 45).
-1
Calculate 1 + 4 + -23 + 12 - -9.
3
What is the value of -5 - (0 + 0) - ((30 - 36) + 0)?
1
What is -4 - ((-17 - -5) + 3 + (1 - -1))?
3
Evaluate (1 - 3) + -3 - (-6 - (-12 - 9)).
-20
(12 - (-18 - -8)) + -24
-2
Evaluate -5 + 0 + -2 + (-11 - -5).
-13
What is (-1291 - -1269) + 54 + 0?
32
7 + (-18 - -39) + -36
-8
-4 + 2 + 2 + 6 + 0 + -19
-13
What is the value of 2 - (-4 + (13 - 0) + -4)?
-3
Calculate 23 + 1 + 0 - (-5 + -47 + 43).
33
What is (8 - 8) + 0 + (-1 - 39) + 5?
-35
Evaluate 0 - (-14 + 11 - 0).
3
What is 1133 - 1132 - (-1 - 1)?
3
Calculate 38 + -28 + 29 + (-6 - (1 - 4)).
36
Calculate -18 + 15 + 14 - (12 + 0).
-1
What is the value of (4 + -9 - -20) + -36?
-21
(19 - 41) + (-2 - 1) - -10
-15
-308 + 337 - (7 - 0)
22
What is the value of 3 + 0 - (4 - (-6 - -12) - -6)?
-1
11 - (-18 + 15 + 20)
-6
What is the value of 20 + -9 - (1 - (9 - (-1 - -6)))?
14
Evaluate (3 - -9) + -6 + 6.
12
What is the value of 14 - (14 + 10 + -18)?
8
Evaluate -4 - -23 - 28 - 18.
-27
1 + 19 + -271 + 263
12
What is the value of -12 + (20 + -6 - -4)?
6
What is 132 + -143 - (10 + 3)?
-24
Evaluate 13 + (6 + -32 - (-14 + 2)).
-1
Calculate 0 - (-9 + (4 - -25) + -12).
-8
What is the value of -10 + 2 + -11 + (6 + -8 - -15)?
-6
What is (-3 - -16 - 4) + 4 + 16?
29
What is the value of 13 + (9 + -10 + -3 - 13)?
-4
164 + -152 - (2 + 0 - 1) - 23
-12
Evaluate 15 - (-2 - (-2 - 7)).
8
What is -1 - 17 - (-20 - -15)?
-13
Calculate 7 + (-1 - 2) + 9 + (4 - 17).
0
What is -1 + (5 + 1 + -5 + 1 - 6)?
-5
Calculate 0 + -12 + 0 - (58 - 81).
11
Evaluate -14 - -33 - (18 + -9).
10
What is -4 - (1 + 5 + 3 + -4 + 8)?
-17
(-1 - 8 - -2) + -14 + 10
-11
What is the value of 3 + -11 + 16 + 2 + (-1 - 0)?
9
Evaluate -10 + (5 - 2 - 3) - (34 - 38).
-6
Calculate -4 - (-3 - (-6 + -2 + 23 + -6)).
8
Evaluate 28 - ((41 - -22) + -28).
-7
Calculate -16 + (66 - 17 - 35).
-2
What is 0 + 0 - (-35 - (17 - 37))?
15
What is 34 - 37 - (-12 + 0)?
9
What is (-13 - (-8 - 20)) + -37 - -15?
-7
Evaluate (2 - 11) + (20 - 15) - (1 - 22).
17
Calculate -855 + 849 - (-2 + -31 + -1 + 2).
26
29 + (4 - (-3 + 24))
12
Calculate 34 + -36 + 34 + -32.
0
What is the value of 4 + -2 + (-11 - 13) + 10 - -2?
-10
23 + -55 - (-3 + -1 - 1) - -3
-24
Evaluate (-20 + 3 - (77 - 67)) + -8.
-35
What is -13 - (0 + 10 + -12)?
-11
What is the value of (82 - 15 - 31) + -48?
-12
What is the value of -1 + 33 - (-677 + 704)?
5
What is the value of -1 + 2 + -24 + 20 + 23?
20
Calculate -4 + -20 + 0 - (-6 + (8 - 8)).
-18
What is -20 - ((-13 - 17) + 30 + -1 + -1)?
-18
6 + 0 - (17 + (-34 - -23))
0
2 - (6 + (-5 - 7) + -2)
10
Calculate -2 + 13 + -45 + 32.
-2
(18 - -12) + -2 + -4 + -9
15
What is (-7 - (27 + -7 + 2 - 9)) + -9?
-29
Calculate -3 - (2 + 3) - (82 - 96).
6
What is 14 - (6 + 7 + -5)?
6
What is -148 - -135 - (-15 - 2)?
4
23 + 2 + -12 + -14 + 8
7
What is the value of 2 + -2 + -1 + 9 + -14?
-6
2 + 4 + (20 - 34)
-8
Calculate (8 - -4) + (6 + -13 - 7).
-2
12 - (28 - 6) - (2 + -8)
-4
34 + (-52 - -33) + -2
13
What is the value of (12 - 21) + (-15 - (-17 + -5))?
-2
-7 + (9 - -13) + (-12 - 1)
2
Evaluate 26 - 50 - (-40 + -5).
21
Evaluate -1 - -3 - (57 - ((-9 - -33) + 6)).
-25
-158 + 139 + (6 - 2)
-15
What is 14 - ((13 + -12 - -5) + 4)?
4
Calculate 2 + -3 + 12 - (-87 + 84) - -4.
18
What is 0 + -8 + (5 + -19 - 4 - -1)?
-25
Calculate 33 + -43 + (1 + 9 - 1).
-1
What is 18 - ((28 - 24) + 1)?
13
Evaluate -54 + 41 - (-2 - -1).
-12
What is the value of -6 + 19 + -8 + -2 - -6?
9
-47 + 43 - (0 + 3 + -10 + -4)
7
-9 + 8 + 1 + (94 - 112) + 3
-15
What is -47 + 51 + (14 - 9) - (1 - -42)?
-34
What is -5 - ((1 - -5) + -9 + (2 - 0))?
-4
Evaluate 30 - (-20 + (7 - -5) - (-6 + -2)).
30
Evaluate (8 - (0 - 2)) + -10 - 7.
-7
What is the value of (0 - 4 - -1 - 3) + -15 + 6?
-15
Calculate -26 + (12 - 13) - -14.
-13
What is the value of (10 + (6 - (6 + 1)) - 6) + -8?
-5
Evaluate 1 - (-2 - (-26 - -12)).
-11
What is 0 + -22 + 30 + -16?
-8
-25 + (-22 - -1) + (298 - 292)
-40
What is (1 - -10) + -15 + 2?
-2
What is 3 + -5 + 1 + -3 + 10?
6
What is the value of -3 + (-13 - 22 - -23)?
-15
Calculate -10 + (-11 - (-20 + 4)).
-5
(17 - 29) + 21 + -6
3
What is the value of -1 + 32 + (-43 - -33)?
21
What is the value of -5 + 28 - (-21 - -35)?
9
What is -5 + (-6 - (6 - 12)) + (5 - -13)?
13
What is -27 + -9 + (-1 - -8 - -6)?
-23
What is 14 + (-1 - (-12 - -19))?
6
What is the value of 27 - 1 - (515 + -491)?
2
-13 - (3 + -25) - -9
18
What is (10 + -13 + -1 - -8) + -26?
-22
What is the value of (9 - (-7 - -3)) + -2 + -34?
-23
22 - 14 - 8 - (4 + -3 + 2)
-3
Calculate 31 + 35 + 2 + -49.
19
What is the value of -1 + 12 - (14 - 45 - -4)?
38
What is 0 - (-15 + 1 - -15)?
-1
What is 12 - (49 + -29) - (-2 + (2 - 9))?
1
What is the value of 4 + (46 - 46 - (2 - -1))?
1
Evaluate 0 + -8 - (3 - 18) - (-14 + 1).
20
21 + (-3 - -5) + -40 + 26
9
Evaluate 38 - (1 - 5 - (64 + -79)).
27
3 + 2 + (-1 - 19) + 11
-4
What is the value of -62 - (-10 + (26 - 47))?
-31
-4 + 3 - (-3 + (0 - 3 - -24))
-19
What is the value of (-35 + 16 - (3 - 1 - 2)) + 4?
-15
What is the value of (-27 + 22 - -31) + -11?
15
What is the value of 4 - (-1 - -7) - -7 - (17 - -5)?
-17
Evaluate -17 + 20 + (10 - 24).
-11
Calculate (0 - (1 - 5)) + -113 + 124 - 5.
10
5 - ((-2 - 8) + 9) - -6
12
What is -5 + (-16 - (-1 - (10 + -4)))?
-14
Evaluate 4 + -4 + -3 + 5 - (47 + -33).
-12
What is the value of 8 - 4 - 27 - (-15 + 18 + -8)?
-18
-19 + (19 - (4 + -21))
17
(6 - (-8 + -2) - 17) + 0 + 10
9
Evaluate -9 + 28 + (-3 - 0) + -5.
11
Calculate -1 - (-3 + -2 - -15) - -2.
-9
(-3 - (-11 - (-20 - -10))) + (-22 - -1)
-23
What is -5 - 4 - -4 - (-25 - 9 - -7)?
22
What is the value of 11 + (12 - (17 + 6)) - (-1 + 15)?
-14
What is the value of 9 + (-10 - -4) + -4?
-1
Calculate 1 + (2 - 0 - -3) + -10.
-4
Calculate -10 - (13 + -15 - 5).
-3
Calculate -7 - (19 - (-10 + 9)) - (3 - 9).
-21
Calculate (424 - 394) + (-1 - 14).
15
(2 - 0) + -16 + 15 + 5 + 1
7
Evaluate -58 + 47 + 9 + -2.
-4
What is the value of -1 + 19 + (-206 - -188)?
0
What is the value of (10 - -10 - 24) + 9?
5
Calculate 16 + 16 + -38 + 16.
10
What is (-1 - (2 - 4)) + (-1 - (2 - 8))?
6
162 + -158 - (-7 - (-1 - (3 + -2)))
9
3